z).
5
Let c(u) = -u**3 + 8*u**2 + 6. Let q = -876 + 884. Determine c(q).
6
Let f = -4194 - -4197. Let n(m) be the first derivative of 0*m**2 + 1 - 3*m - m**3 + 1/4*m**4. What is n(f)?
-3
Suppose 0 = 14*l - 8*l - 48. Let t(o) = -o**2 + 6*o - 6. Calculate t(l).
-22
Let p(m) = m**2 - 9*m - 7. Let v = -149 - -112. Let i be (2*1)/(v/(-185)). Calculate p(i).
3
Let i(k) = -3*k - k + k**2 - 10 + 0*k + 4. Let u(h) be the third derivative of -h**4/24 - 7*h**3/6 - 5*h**2. Let s be u(-13). Determine i(s).
6
Let s(n) be the third derivative of -1/60*n**5 - 1/2*n**3 - 1/24*n**4 + 0*n - 3*n**2 + 0. Suppose -z + 0*z = 0. Determine s(z).
-3
Let m(i) = 1 - 216*i**2 + 217*i**2 - i + i. Let x(l) = -l**2 + 5*l - 6. Let u be x(1). Calculate m(u).
5
Let c(j) = j**2 - 82*j + 1. Let u be c(82). Let k(p) = -5*p**2 + 1 - p**2 + 3*p**2 + 0. Determine k(u).
-2
Let q(b) = 3*b + 4. Let s(p) = p + 3. Let o(a) = -2*q(a) + 5*s(a). Give o(11).
-4
Suppose 4*x + 3*z - 68 = 7*z, 2*x + z - 25 = 0. Let n(w) = 28*w + 7*w**2 + 2*w**2 - 13*w - 1 - x*w. Calculate n(1).
9
Let q be 66/99 - 2*(-21)/18. Let o(z) be the first derivative of 1/3*z**3 + 10 + 0*z + q*z**2. Determine o(-6).
0
Let d(w) = -23*w - 11. Let q(h) = -12 - 12*h + 14 - 8. Let p(o) = -4*d(o) + 7*q(o). Let j(s) = 4*s + 1. Let r(a) = 7*j(a) - 4*p(a). What is r(-2)?
7
Suppose -3*o + 24 = 3. Let m(l) = 48*l - 12*l - 3 - 21*l - 14*l - 2. Determine m(o).
2
Suppose -64 = 31*u - 33*u. Suppose 2*c + 4*q - u = -6, 0 = 5*q - 25. Let p(k) = k**2 - 2*k + 3. What is p(c)?
6
Let b(g) = -g**2 - g + 1. Let o(f) = 2*f**2 + 6*f - 1. Let y(z) = 4*b(z) + o(z). Give y(3).
-9
Let z(r) be the third derivative of r**6/720 - 7*r**5/120 + r**4/6 - 11*r**2. Let s(b) be the second derivative of z(b). What is s(5)?
-2
Let j(q) = 2*q**2 - 5*q. Let b(a) = a**2 - 3*a - 6. Let v = 15 - 17. Let r be b(v). What is j(r)?
12
Let l(k) = k**2 + 7*k - 7. Suppose 0*o - 3*o - 17 = -2*r, -4*r - 20 = 0. What is l(o)?
11
Let t(l) be the first derivative of 7*l**3/3 - l**2 - l - 167. Give t(-1).
8
Let t(r) be the second derivative of -r**4/12 + r**3/6 + 8*r**2 + 3*r. Let w be t(0). Let f = 15 - w. Let y(g) = -17*g. What is y(f)?
17
Let k(c) = 6*c**2 - 47*c - 4. Let h be k(8). Let q(m) be the third derivative of 0*m + 8*m**2 + 0 - 2/3*m**3 - 1/12*m**h. Give q(-3).
2
Let d(c) be the third derivative of 1/6*c**3 - 1/30*c**5 + 0*c**4 + 0 + 0*c + 1/120*c**6 - 21*c**2. What is d(1)?
0
Let b(p) be the first derivative of p**7/840 + p**6/60 + p**5/20 - 4*p**3/3 - 16. Let t(v) be the third derivative of b(v). Calculate t(-5).
-5
Let w(h) be the first derivative of h**4/4 - h**3 + h**2 + 3*h + 170. Give w(3).
9
Let l(x) = 2*x - 1. Let f be 1 - (-3 - (-3 - -10)). Let s = f - 7. Let z be 3 - (0 - 3) - s. Calculate l(z).
3
Let i = -591 - -588. Let p(u) = 2*u + 9. Calculate p(i).
3
Let p(y) = -y**3 + 11*y**2 - 2*y + 15. Let x = 803 - 792. Determine p(x).
-7
Let v(u) be the first derivative of -u**4/4 + 2*u**3 - u**2 + 3*u - 89. What is v(4)?
27
Let j(b) = b**2 - 2*b + 1. Suppose -6*r + 8 = -22. Give j(r).
16
Let x(p) = -7 + 4*p - 4 - 3*p. Let q(w) = w + 25. Let z be q(-25). What is x(z)?
-11
Let d(x) be the third derivative of x**7/840 - x**6/90 - x**5/30 - x**4/8 + x**3/2 - 2*x**2. Let j(p) be the first derivative of d(p). Determine j(5).
2
Let b(r) = -r**3 - 7*r**2 - 5*r - 1. Suppose -3*q - 9 = -3*l, 179*q + 4*l + 13 = 178*q. Calculate b(q).
-26
Suppose 17*h - 16 = 16*h. Suppose 0 = -h*v + 20*v - 16. Let u = v + -9. Let s(z) = z**2 + 3*z - 4. Give s(u).
6
Let u(v) = v**3 - 2*v**2 + v + 2. Let r(p) = p**3 - 4*p**2 - 5*p + 3. Let c be r(5). Suppose -17 = -4*s - 3*i, c*i + 1 = -5*s + 20. Determine u(s).
4
Let d(v) = -2*v - 4. Let a be (-10)/(-60)*12*-5. Give d(a).
16
Let q(p) = -p**3 + 5*p**2 + 4*p + 4. Suppose s + g - 10 = 0, 5*s - 3*g + 4 - 14 = 0. Give q(s).
24
Let l(d) = -d**2 - 4*d - 6. Let o(f) = -f**3 + 5*f**2 + 8*f - 3. Let t be o(5). Suppose 4*a + 141 - t = 0. Let c = 22 + a. Give l(c).
-6
Let s(d) = -21*d**2 - 8*d - 5 + 12*d**2 + 11*d**2. What is s(6)?
19
Let i(z) be the second derivative of -z**5/20 + z**4/3 + 7*z**3/6 - 3*z**2 - 4*z. Let r = -2 - -4. Suppose r*o - 4 = 6. Calculate i(o).
4
Let v(o) = 1 - 1 - 4*o. Let g(b) = -2*b + 9. Let d be g(4). Calculate v(d).
-4
Let r(s) = -5 + 59*s - 116*s + 3 + 49*s. What is r(1)?
-10
Let x(j) = 7*j**3 - 2 - 10*j**2 + 2 + 5 + 8*j + j. Let o(u) = -u**3 + u**2 - u - 1. Let m(q) = 6*o(q) + x(q). Give m(3).
-1
Let l(i) = -39*i**3 + 1468*i**2 + 1 - 1468*i**2 + 2*i. What is l(-1)?
38
Let w(p) = p**3 - p**2 - p + 4. Let f(z) = -3*z**3 + 12*z**2 + 7*z - 28. Let u(o) = f(o) + 2*w(o). Determine u(10).
30
Let h(s) = 7*s**3 + 6*s**2 - 4*s + 1. Suppose 2*u + 12 - 2 = 0. Let b(g) = -8*g**3 - 5*g**2 + 3*g - 1. Let d(r) = u*h(r) - 6*b(r). Determine d(-1).
-14
Let g(z) = -z**3 - z**2 - z - 1. Let f(d) = 5*d**2 + 4*d + 3. Let n(k) = f(k) - g(k). Let q be (-12)/(-6) - (-26 - 2). Suppose 0 = -7*c + c - q. What is n(c)?
4
Let b(z) = -51*z - 245. Let x(u) = -33*u - 164. Let j(l) = 5*b(l) - 8*x(l). What is j(-10)?
-3
Let k(a) = -2*a + 28. Let z be k(15). Let h(u) = 2*u + 5. Let p be h(z). Let v(q) = 0*q + 0*q - 3*q**2. Calculate v(p).
-3
Let h(p) = -p + 3 + 0*p**2 - p**2 - 9 + 3*p**2 + 3. Determine h(-2).
7
Let s(b) = -27*b**2 - 10*b - 2. Let u(p) = 15*p**2 + 6*p + 1. Let m(o) = -4*s(o) - 7*u(o). Calculate m(-2).
17
Let c(r) = 4*r**2 - r + 1. Let w = -33 - -34. Let h(n) = n**3 + n**2 - n. Let y be h(w). Give c(y).
4
Let j be (-66 - -66)/(2/1). Let m(c) be the second derivative of 3*c**2 - 1/6*c**3 + j + 8*c. What is m(-6)?
12
Let p = 1084 - 1087. Let o(i) = -2*i**3 + i + 4. Calculate o(p).
55
Let m(w) = w**3 - 2*w**2 - 4*w - 9. Suppose 5*k - 5*c = 30, k - 3*k = 4*c. What is m(k)?
7
Let x(s) = s + 1. Let a(l) = l**2 + 10*l - 29. Let f be a(-13). Let b(n) = -5*n + 44. Let y be b(f). Determine x(y).
-5
Let o = -284 + 295. Suppose -2*l - o = -d, -d - 9*l = -10*l - 7. Let g(v) = 13*v + 7. Let y(c) = 7*c + 4. Let w(s) = -4*g(s) + 7*y(s). Give w(d).
-9
Let p be (1/(-2))/(19/(-76)). Let u(k) be the third derivative of -4/3*k**3 - 1/6*k**4 - 1/12*k**5 + 0*k - 5*k**p + 1/120*k**6 + 0. Determine u(6).
4
Let i = -16 - -22. Suppose 0 = -3*h - i + 18. Let k(a) = a + 1. Let f(g) = g**2 - 3*g + 10. Let j(s) = -f(s) + 4*k(s). Give j(h).
6
Let r(c) be the first derivative of 2/3*c**3 - c**2 - c + 1. Suppose -2*w + 6*w = 8. What is r(w)?
3
Let b(z) = z**2 + z + 1. Let i(w) = -4*w**2 - 17*w + 3. Let v(a) = 3*a**2 + 16*a - 3. Let g(o) = 5*i(o) + 6*v(o). Let p be g(5). Calculate b(p).
7
Let l(x) be the third derivative of -3/8*x**4 + 0 - 5*x**2 - 7/6*x**3 + 0*x - 1/60*x**5. Determine l(-7).
7
Let s = 58 - 60. Let r be 2 - (7 + s + -3 + 0). Let t(v) = v**3 - v + 14. What is t(r)?
14
Suppose -3*c + 16 = -2. Let o be (5/(-10))/((-42)/20 - -2). Let t(a) = -3*a + 10. Let r(x) = 6*x - 21. Let i(d) = o*t(d) + 2*r(d). Determine i(c).
-10
Let g = 3 - 4. Let f be g/2 + (-65)/(-10). Let a(b) = -24*b**2 + 3*b + 1 - b**3 - 4*b + 30*b**2. What is a(f)?
-5
Let r(d) = d**3 + 4*d**2 - 2*d + 6. Suppose 8*v - 10 = 14. Suppose -q + 16 = -v*f - 2*q, q = 3*f + 14. Give r(f).
-9
Let v(o) = -o**2 - 3*o. Let k be (6/(-2))/(2 - 1). Let h be v(k). Let b(x) = 5 + h + 3 - x - 2. Give b(5).
1
Let k(a) be the first derivative of a**4/4 - 5*a**3/3 + 2*a**2 + 2*a + 116. What is k(2)?
-2
Let l(k) = 26 + 18*k - 10 - k**2 + 13*k - 49*k + 0*k**2. Give l(-19).
-3
Let y = -1 - -3. Let r(z) = -5*z**2 + 24*z - 2. Let w(t) = -2*t**2 + 10*t - 1. Let o(m) = 3*r(m) - 7*w(m). Determine o(y).
1
Let n(y) = y**3 - 8*y**2 - 9*y - 4. Let z = 228 - 219. Determine n(z).
-4
Let v(i) = -i**2 + 5*i + 6. Let g be (-10)/4*(-2)/(-10)*-162. Let c = -75 + g. What is v(c)?
0
Let a(n) = -12 + 5*n + n**2 + 0*n - 10*n - 3*n. What is a(10)?
8
Let w(k) = 49*k**3 - k**2 + 53*k**3 + 2 - 107*k**3 - 4*k**2 + 2*k**2 + k. What is w(-2)?
28
Let a(p) = p + 164 + 165 - 333. Calculate a(7).
3
Suppose 0*n + 72 = 2*n. Let c be (n/42)/(3/14). Let j(l) = 0*l + 2 + 2 - l**2 + 2*l. What is j(c)?
-4
Let u(p) = -3*p + 17. Suppose -3*v - 4*d + 27 = 0, -4*d + 11 = 2*v - 11. Calculate u(v).
2
Let f(r) = -4*r**2 + 5*r**2 - 9 + 15 + 5*r. Calculate f(-5).
6
Let y(t) = -t**3 - 8*t**2 - 19*t - 1. Let u(d) = 2*d**3 + 16*d**2 + 42*d + 2. Let l(p) = 3*u(p) + 7*y(p).